base 4
331013
-19223 (base 14) to base 8
-174057
What is -f6 (base 16) in base 7?
-501
-3010344 (base 5) to base 10
-47599
What is 10110011010 (base 2) in base 4?
112122
Convert ba3 (base 13) to base 14.
a24
Convert -1888 (base 10) to base 13.
-b23
Convert -30c (base 14) to base 16.
-258
What is 101110101101 (base 2) in base 10?
2989
Convert -53461 (base 9) to base 2.
-1000101000101011
-100011110100001 (base 2) to base 3
-221011011
5a4b (base 14) to base 15
49ec
Convert -9ea7 (base 15) to base 9.
-51174
20212012 (base 3) to base 10
5000
5415 (base 11) to base 15
21c0
Convert 10140 (base 5) to base 14.
35c
-7029 (base 13) to base 8
-36066
-64158 (base 9) to base 10
-42416
What is -267 (base 10) in base 8?
-413
What is -211021 (base 4) in base 8?
-4511
What is 14300 (base 5) in base 12?
840
What is e505 (base 15) in base 2?
1011110011111100
What is 32132 (base 4) in base 16?
39e
What is -26044 (base 11) in base 9?
-56162
What is be0 (base 16) in base 11?
2314
Convert -4aa (base 11) to base 6.
-2444
Convert -133330 (base 4) to base 2.
-11111111100
-1027 (base 9) to base 8
-1362
Convert -234 (base 9) to base 13.
-11b
600 (base 9) to base 14
26a
What is -2288 (base 13) in base 5?
-123334
27871 (base 10) to base 6
333011
What is 23b2 (base 13) in base 4?
1032312
What is -1ba (base 16) in base 2?
-110111010
-1010102 (base 3) to base 4
-30311
10001111111001000 (base 2) to base 16
11fc8
-1774 (base 9) to base 13
-80b
-201a1 (base 11) to base 16
-734a
What is -44 (base 12) in base 6?
-124
Convert -21566 (base 10) to base 12.
-10592
Convert -100100110 (base 2) to base 14.
-170
Convert -33502 (base 7) to base 4.
-2010133
What is 100100111111011 (base 2) in base 6?
223403
Convert -1111101011100101 (base 2) to base 5.
-4023404
31112 (base 4) to base 14
450
Convert 102122 (base 3) to base 12.
222
-53448 (base 10) to base 16
-d0c8
What is 5953 (base 15) in base 3?
222000220
What is 10738 (base 10) in base 12?
626a
-2058 (base 10) to base 13
-c24
What is 1022233 (base 4) in base 3?
20120011
What is -122100 (base 3) in base 5?
-3333
-a370 (base 12) to base 16
-4584
Convert -1110000101 (base 2) to base 4.
-32011
What is -2276 (base 11) in base 12?
-188b
-102100111 (base 3) to base 4
-2001103
Convert cde (base 15) to base 16.
b5d
Convert 4470 (base 8) to base 14.
c08
1d9a (base 14) to base 7
21553
402a (base 11) to base 15
18c1
Convert -212202 (base 3) to base 15.
-2cb
Convert 111e (base 15) to base 8.
7055
Convert 111200 (base 6) to base 16.
2490
Convert 3b8 (base 16) to base 10.
952
What is 36532 (base 8) in base 15?
49c1
488 (base 15) to base 4
100010
438 (base 11) to base 12
379
11111120 (base 3) to base 4
303102
What is -315b (base 12) in base 3?
-21101222
12c4c (base 15) to base 8
165363
What is 556 (base 13) in base 7?
2446
What is -8b02 (base 12) in base 11?
-1063a
-616 (base 10) to base 16
-268
Convert 50 (base 11) to base 15.
3a
What is -9069 (base 10) in base 13?
-4188
What is 911a (base 11) in base 2?
10111101011001
9616 (base 11) to base 14
48ca
What is 24a5 (base 12) in base 6?
31125
What is 1224 (base 12) in base 16?
7fc
-2d55 (base 15) to base 3
-111101022
-111 (base 2) to base 12
-7
-1635 (base 14) to base 12
-2367
Convert -866 (base 15) to base 12.
-1120
What is 125 (base 11) in base 7?
301
What is a07 (base 13) in base 16?
6a1
Convert 221033 (base 5) to base 3.
101111002
Convert -7b (base 14) to base 11.
-9a
What is 22 (base 10) in base 8?
26
4181 (base 11) to base 9
7528
Convert 1723 (base 8) to base 11.
810
What is -4734 (base 10) in base 12?
-28a6
What is -231222 (base 5) in base 7?
-33143
What is 3233202 (base 4) in base 14?
5830
What is 210303 (base 4) in base 7?
6603
What is -345503 (base 6) in base 9?
-44753
What is -1992 (base 14) in base 7?
-16342
What is 12a68 (base 11) in base 10?
18587
What is -224 (base 14) in base 2?
-110101000
Convert 22110211 (base 3) to base 10.
6178
-705 (base 15) to base 12
-ab8
939 (base 14) to base 3
2111020
-10 (base 13) to base 12
-11
Convert 4318 (base 11) to base 5.
140311
43013 (base 5) to base 9
3853
-28b1 (base 13) to base 2
-1011100000010
Convert -27 (base 11) to base 3.
-1002
Convert -56556 (base 7) to base 8.
-34015
Convert 167 (base 15) to base 16.
142
What is -17071 (base 8) in base 2?
-1111000111001
What is -4910 (base 10) in base 4?
-1030232
Convert -17046 (base 9) to base 6.
-130110
114455 (base 6) to base 4
2132003
Convert 10100101110 (base 2) to base 14.
6aa
-1ca (base 13) to base 12
-23b
What is 536 (base 15) in base 14?
600
What is 1202100021 (base 3) in base 10?
34513
Convert -45 (base 10) to base 5.
-140
Convert -13b39 (base 12) to base 15.
-8269
What is 10110100001000 (base 2) in base 10?
11528
-120133 (base 4) to base 16
-61f
Convert 706 (base 8) to base 11.
383
-1d3a (base 16) to base 3
-101021010
Convert -120112 (base 4) to base 9.
-2121
-12121212 (base 4) to base 16
-6666
Convert -200221 (base 3) to base 10.
-511
What is a47b (base 14) in base 2?
110111010101101
What is 185c (base 13) in base 4?
320222
-8785 (base 13) to base 3
-221212211
Convert -3121 (base 7) to base 2.
-10001000101
-3a5 (base 14) to base 13
-445
32e1 (base 15) to base 6
121534
What is 165434 (base 8) in base 4?
32230130
What is -18 (base 16) in base 8?
-30
-173b (base 12) to base 7
-11054
1010112 (base 4) to base 12
2646
What is 2fd3 (base 16) in base 11?
9220
-4ccb (base 15) to base 11
-11351
Convert -151a (base 15) to base 9.
-6177
What is -4804 (base 12) in base 3?
-102001211
10211 (base 6) to base 8
2537
39ec (base 15) to base 9
17866
What is -10120 (base 4) in base 5?
-2110
What is -a894 (base 13) in base 12?
-11697
-4e2a (base 15) to base 5
-1013230
-20546 (base 7) to base 14
-1bcd
What is -333 (base 6) in base 12?
-a9
Convert -40514 (base 6) to base 2.
-1010011111110
1021321 (base 4) to base 3
20111011
What is -52052 (base 6) in base 5?
-210234
Convert 11404 (base 5) to base 13.
509
Convert ba9b (base 12) to base 11.
144a8
What is 2315 (base 7) in base 3?
1011022
-1331 (base 10) to base 13
-7b5
What is -13f (base 16) in base 6?
-1251
What is -10e7 (base 15) in base 4?
-320020
1677 (base 10) to base 15
76c
What is -1615 (base 7) in base 5?
-10044
What is 202 (base 12) in base 5?
2130
Convert -19226 (base 10) to base 2.
-100101100011010
Convert 7439 (base 12) to base 11.
9611
Convert 7786 (base 10) to base 5.
222121
Convert 1835 (base 9) to base 2.
10110000001
-d25 (base 15) to base 2
-101110010000
-23731 (base 8) to base 11
-7734
122212210 (base 3) to base 14
4a71
-40124 (base 5) to base 8
-4753
2a6 (base 15) to base 12
426
What is -8c43 (base 14) in base 10?
-24363
What is -12156 (base 9) in base 4?
-1333113
What is 595 (base 12) in base 9?
1125
7619 (base 11) to base 13
4771
Convert -312300 (base 4) to base 12.
-2040
57a6 (base 14) to base 3
202220101
-890 (base 14) to base 12
-b92
Convert 12002210 (base 3) to base 14.
14da
What is 12427 (base 8) in base 3?
21101222
Convert -145 (base 16) to base 15.
-16a
Convert 1d5 (base 14) to base 8.
577
Convert -55453 (base 6) to base 4.
-1320321
What is 49e0 (base 15) in base 13?
7215
What is -31c9 (base 14) in base 8?
-20635
-5625 (base 10) to base 13
-2739
Convert -7440 (base 9) to base 11.
-4117
-111b9 (base 12) to base 16
-58dd
-101101 (base 3) to base 7
-550
Convert 14301 (base 5) to base 10.
1201
285c (base 14) to base 4
1233202
1068 (base 9) to base 8
1427
Convert -44121 (base 5) to base 7.
-11565
What is -e40 (base 15) in base 7?
-12234
Convert 3021 (base 5) to base 12.
282
Convert 2123 (base 7) to base 9.
1025
What is 342c (base 13) in base 6?
53453
Convert 3234 (base 7) to base 2.
10010000000
What is -109 (base 16) in base 4?
-10021
What is 2212000 (base 4) in base 9?
15514
Convert 2658 (base 11) to base 3.
11201211
28280 (base 9) to base 7
106641
-2444142 (base 5) to base 16
-b6cd
c70 (base 13) to base 10
2119
Convert 2000210012 (base 3) to base 4.
21300002
Convert 10000011000 (base 2) to base 4.
100120
What is 1110110101 (base 2) in base 4?
32311
3199 (base 10) to base 7
12220
-20082 (base 9) to base 6
-141032
Convert -86 (base 15) to base 4.
-1332
3729 (base 12) to base 7
24102
What is -19069 (base 11) in base 7?
-140554
What is -14ba (base 15) in base 16?
-1162
What is -30156 (base 9) in base 11?
-13984
What is 101110111010 (base 2) in base 9?
41